2, what is 101 - -1100100?
1101001
In base 4, what is -133 + 112003?
111210
In base 16, what is -1 + -152d2d?
-152d2e
In base 6, what is 25335 - 3352?
21543
In base 11, what is -9 + 19167?
19159
In base 13, what is 0 - 5192?
-5192
In base 3, what is -10102001021 - 11?
-10102001102
In base 12, what is 10249 - 23?
10226
In base 12, what is ba1 - -aa?
108b
In base 16, what is 5 + -10ef2?
-10eed
In base 4, what is -121 - 30222?
-31003
In base 3, what is -10 + -201110121100?
-201110121110
In base 9, what is -117 - 120?
-237
In base 11, what is 3 - 21a75?
-21a72
In base 5, what is 31424 - -11024?
43003
In base 8, what is -65 - -1002?
715
In base 8, what is -1 + -264476?
-264477
In base 8, what is -130 + 1246?
1116
In base 2, what is -1000011011000100 + -101?
-1000011011001001
In base 2, what is 1011010 - 100110101001?
-100101001111
In base 16, what is -4 - -2820?
281c
In base 12, what is -8 + 9997?
998b
In base 11, what is 1255 - -126?
1380
In base 5, what is -34331 + 31?
-34300
In base 10, what is -130 + -5981?
-6111
In base 3, what is -212100021220 + 21?
-212100021122
In base 12, what is 715 + -24b0?
-1997
In base 2, what is -100110101001111001 - -10011?
-100110101001100110
In base 13, what is 295999 + -4?
295995
In base 3, what is -1212001 + -21?
-1212022
In base 13, what is 400863 + -4?
40085c
In base 11, what is 7 - -258?
264
In base 4, what is -101121021 + -20?
-101121101
In base 12, what is -5 + 260881?
260878
In base 16, what is 48 + 5000?
5048
In base 11, what is -1488 - -27?
-1461
In base 8, what is -22 - 4245?
-4267
In base 14, what is -15c0b - 2?
-15c0d
In base 6, what is -134 - -50131?
45553
In base 5, what is -22411313 - 1?
-22411314
In base 3, what is 2121012211 + -1?
2121012210
In base 2, what is 110010011111 - -10110?
110010110101
In base 12, what is 50ab2a - -3?
50ab31
In base 7, what is 102546 - -62?
102641
In base 10, what is 29 + -2515?
-2486
In base 3, what is 0 - -112212122?
112212122
In base 7, what is -2545 + 2?
-2543
In base 10, what is 1341 - -18?
1359
In base 5, what is -22334441 + 0?
-22334441
In base 11, what is 117 - 73?
54
In base 4, what is 0 - 103310000?
-103310000
In base 4, what is -1220 + -101021001?
-101022221
In base 3, what is -110222010200 - -10?
-110222010120
In base 11, what is 127 + -1338?
-1211
In base 13, what is 7bb + -277?
544
In base 16, what is 12968 - 2?
12966
In base 4, what is 10310110 + 3?
10310113
In base 6, what is 2022500 - 5?
2022451
In base 8, what is -4 - 2031?
-2035
In base 13, what is 3ba0 - -55?
3c25
In base 8, what is -14430 - 1077?
-15527
In base 8, what is -13 + -50361?
-50374
In base 14, what is -63 + -174?
-1d7
In base 4, what is 21 - -33001030?
33001111
In base 4, what is 23030 - -1120?
30210
In base 4, what is -20023 - -1230122?
1210033
In base 13, what is 46 - 231?
-1b8
In base 5, what is 2101103 - -13?
2101121
In base 11, what is 4 + -29290?
-29287
In base 11, what is 0 - 1567a?
-1567a
In base 4, what is 2121 + -102130?
-100003
In base 6, what is 1532 - 3350?
-1414
In base 12, what is -143 + -187?
-30a
In base 14, what is 37287 + 5?
3728c
In base 3, what is -200110 + -111101?
-1011211
In base 12, what is -1 - -18722?
18721
In base 9, what is 122264 + -45?
122218
In base 7, what is 3 + -4464?
-4461
In base 5, what is 10 - -30320221?
30320231
In base 15, what is -cb - be?
-19a
In base 8, what is -643 + 2700?
2035
In base 8, what is 34 + 356443?
356477
In base 14, what is 3 - -a5c2?
a5c5
In base 7, what is 113613 + -3?
113610
In base 9, what is -640 + -160?
-810
In base 9, what is 0 - -28888?
28888
In base 12, what is 6 + 70?
76
In base 12, what is -156 - -731?
597
In base 9, what is 6047 + -287?
5650
In base 4, what is 20 - 11012212?
-11012132
In base 13, what is -8 - -6cc?
6c4
In base 15, what is -a + 45bc?
45b2
In base 5, what is -3114030 - -4?
-3114021
In base 9, what is 22 - -180?
212
In base 16, what is 2 - 5ce1?
-5cdf
In base 9, what is -5 + 276?
271
In base 9, what is -18 - 1054?
-1073
In base 3, what is -1 + 220220020?
220220012
In base 10, what is -976977 - 1?
-976978
In base 16, what is f + 14727?
14736
In base 16, what is 2 + 624f?
6251
In base 10, what is 738 - 118?
620
In base 2, what is 1000010010 + -1011101?
110110101
In base 10, what is 7 + 11867?
11874
In base 7, what is -360246 + 3?
-360243
In base 11, what is -1856 - -247?
-160a
In base 9, what is -60 + 57537?
57467
In base 10, what is -874676 - 5?
-874681
In base 12, what is 181914 + -5?
18190b
In base 14, what is -582 - -22?
-560
In base 10, what is -1 - 19545?
-19546
In base 12, what is 5 + b576a?
b5773
In base 12, what is -57412 - 2?
-57414
In base 8, what is -7104 + -430?
-7534
In base 9, what is 3 - 1785?
-1782
In base 6, what is 21142 - -4?
21150
In base 6, what is -10 - -1250123?
1250113
In base 2, what is 111110 + -110100011011?
-110011011101
In base 8, what is -1 - 104306?
-104307
In base 13, what is -109a - -a?
-1090
In base 5, what is -111010240 - 4?
-111010244
In base 12, what is -2 + 15a1a2?
15a1a0
In base 13, what is 1 + -1b3066?
-1b3065
In base 5, what is 13 - -214143?
214211
In base 14, what is -3463 + -1?
-3464
In base 7, what is -636 + 336?
-300
In base 16, what is -a98 - -373?
-725
In base 8, what is -75207 + 1?
-75206
In base 11, what is 255 + 1784a?
17aa4
In base 15, what is -4 - d7a?
-d7e
In base 12, what is -9a65 - -38?
-9a29
In base 2, what is 10000001101110110101 - 100?
10000001101110110001
In base 5, what is 1014303 + 0?
1014303
In base 5, what is 112021230 + 1?
112021231
In base 2, what is -100001000101 + -1100111?
-100010101100
In base 13, what is 38 + -5399?
-5361
In base 8, what is -246736 + -10?
-246746
In base 6, what is 1035113 - -4?
1035121
In base 6, what is -13 + 22533424?
22533411
In base 11, what is -279a7 - -a?
-27998
In base 3, what is 211 + 10211000111?
10211001022
In base 13, what is 4 - 283?
-27c
In base 14, what is 5 - -21b?
222
In base 15, what is -ec - 171?
-26d
In base 12, what is -2 - 4a650?
-4a652
In base 15, what is 32ed9 + 19?
33003
In base 12, what is 549 - -1931?
227a
In base 12, what is 3ba0a - -2?
3ba10
In base 7, what is 0 - -31640?
31640
In base 11, what is -2600 + -1?
-2601
In base 7, what is -4 + -102640?
-102644
In base 5, what is 2 - 221022?
-221020
In base 16, what is -1c3f0 - 7?
-1c3f7
In base 2, what is 110001101110 + 10110?
110010000100
In base 6, what is -203 - -103032?
102425
In base 16, what is -1bea - 25?
-1c0f
In base 7, what is -2034606 - 0?
-2034606
In base 11, what is -128 - 28?
-155
In base 3, what is 101 + -201120?
-201012
In base 9, what is 0 - 1755360?
-1755360
In base 10, what is -5 + 7011?
7006
In base 3, what is -11020111021 + 110?
-11020110211
In base 2, what is -11001110000011010 - -100?
-11001110000010110
In base 15, what is 5da + 783?
d6d
In base 3, what is 212 + 2100120101?
2100121020
In base 8, what is 146 - -16320?
16466
In base 6, what is -5 - 152310?
-152315
In base 3, what is 201120 + 12011122?
12220012
In base 8, what is 371460 - -1?
371461
In base 9, what is 4 + 403807?
403812
In base 11, what is -1 + -8330?
-8331
In base 2, what is -10000 + -11011000001111?
-11011000011111
In base 9, what is -35181 + 11?
-35170
In base 16, what is -26 - -7512?
74ec
In base 15, what is -26e - -32?
-23c
In base 7, what is 122 + -102?
20
In base 7, what is 341 - 333?
5
In base 3, what is -1111222220021 - -11?
-1111222220010
In base 4, what is -2 + 203030312?
203030310
In base 13, what is 1 + -1ab02?
-1ab01
In base 10, what is 0 + -14069?
-14069
In base 9, what is -8 - -206168?
206160
In base 15, what is -1d460 - -1?
-1d45e
In base 9, what is -1 - -12274?
12273
In base 7, what is 323242 + -4?
323235
In base 16, what is -3 + 10948?
10945
In base 11, what is 5187 + -9?
5179
In base 6, what is -10454 + -42?
-10540
In base 15, what is 4 + -32a7?
-32a3
In base 5, what is -224242 + 400?
-223342
In base 14, what is -1d60 - -c?
-1d52
In base 2, what is -1101110011101010 - -10?
-1101110011101000
In base 6, what is 12 - -453023?
453035
In base 9, what is 1 - -843?
844
In base 14, what is 17 - ad?
-96
In base 6, what is 5530 + 1134?
11104
In base 4, what is -3001 - -1022?
-1313
In base 10, what is -1 - -51037?
51036
In base 4, what is -121 + -23112?
-23233
In base 13, what is 3ab178 - -1?
3ab179
In base 8, what is -5 + 16415?
16410
In base 16, wh